{"id":41,"date":"2022-11-17T16:20:58","date_gmt":"2022-11-17T15:20:58","guid":{"rendered":"http:\/\/leschansonsderangees.fr\/?page_id=41"},"modified":"2022-11-21T08:53:20","modified_gmt":"2022-11-21T07:53:20","slug":"a-propos-de","status":"publish","type":"page","link":"https:\/\/leschansonsderangees.fr\/","title":{"rendered":"Les Chansons D\u00e9rang\u00e9es"},"content":{"rendered":"\n<h1 class=\"alignfull has-text-align-center wp-block-heading\" style=\"padding-top:0;padding-right:0;padding-bottom:0;padding-left:0\">LES CHANSONS D\u00c9RANG\u00c9ES<\/h1>\n\n\n\n<div style=\"height:28px\" aria-hidden=\"true\" class=\"wp-block-spacer\"><\/div>\n\n\n\n<figure class=\"wp-block-embed alignfull is-type-video is-provider-vimeo wp-block-embed-vimeo wp-embed-aspect-16-9 wp-has-aspect-ratio\"><div class=\"wp-block-embed__wrapper\">\n<iframe loading=\"lazy\" title=\"Les Chansons D&amp;eacute;rang&amp;eacute;es - Teaser\" src=\"https:\/\/player.vimeo.com\/video\/704543152?h=35feecdea3&amp;dnt=1&amp;app_id=122963\" width=\"750\" height=\"422\" frameborder=\"0\" allow=\"autoplay; fullscreen; picture-in-picture\" allowfullscreen><\/iframe>\n<\/div><figcaption class=\"wp-element-caption\"><em>vid\u00e9o : Artefact Productions<\/em><\/figcaption><\/figure>\n\n\n\n<p> <\/p>\n\n\n\n<p class=\"has-extra-small-font-size\" style=\"padding-top:0;padding-right:0;padding-bottom:0;padding-left:0\">CR\u00c9ATION 2022 DE LA BARAQUE LIBERT\u00c9<br>MUSIQUE LIVE\/CHANT\/TH\u00c9\u00c2TRE<br>TOUT PUBLIC<strong> <\/strong>(conseill\u00e9 \u00e0 partir de 10 ans)<strong><br><\/strong>DUR\u00c9E 1H<\/p>\n\n\n\n<div style=\"height:24px\" aria-hidden=\"true\" class=\"wp-block-spacer\"><\/div>\n\n\n\n<p> <\/p>\n\n\n\n<p class=\"has-text-align-left has-extra-small-font-size\">jeu et chant : <strong>Julie Jacovella<\/strong><br>cr\u00e9ation\/adaptation musicale et musique live : <strong>Mathieu Boccaren<\/strong><br>\u00e9criture et mise en sc\u00e8ne : <strong>Caroline Panzera<\/strong><br>cr\u00e9ation lumi\u00e8re : <strong>Nikola Carton<\/strong><br>cr\u00e9ation son : <strong>R\u00e9my Fageon<\/strong><\/p>\n\n\n\n<div style=\"height:28px\" aria-hidden=\"true\" class=\"wp-block-spacer\"><\/div>\n\n\n\n<p> <\/p>\n\n\n\n<p class=\"has-small-font-size\"><em>\u00ab&nbsp;Production agr\u00e9\u00e9e par le D\u00e9partement du Nord, dans le cadre du dispositif de l\u2019aide \u00e0 la diffusion culturelle&nbsp;\u00bb<\/em><\/p>\n","protected":false},"excerpt":{"rendered":"<p>LES CHANSONS D\u00c9RANG\u00c9ES CR\u00c9ATION 2022 DE LA BARAQUE LIBERT\u00c9MUSIQUE LIVE\/CHANT\/TH\u00c9\u00c2TRETOUT PUBLIC (conseill\u00e9 \u00e0 partir de 10 ans)DUR\u00c9E 1H jeu et chant : Julie Jacovellacr\u00e9ation\/adaptation musicale et musique live : Mathieu Boccaren\u00e9criture et mise en sc\u00e8ne : Caroline Panzeracr\u00e9ation lumi\u00e8re : Nikola Cartoncr\u00e9ation son : R\u00e9my Fageon \u00ab&nbsp;Production agr\u00e9\u00e9e par le D\u00e9partement du Nord, dans le&hellip; <a class=\"more-link\" href=\"https:\/\/leschansonsderangees.fr\/\">Continue reading <span class=\"screen-reader-text\">Les Chansons D\u00e9rang\u00e9es<\/span><\/a><\/p>\n","protected":false},"author":1,"featured_media":0,"parent":0,"menu_order":0,"comment_status":"closed","ping_status":"closed","template":"","meta":{"footnotes":""},"class_list":["post-41","page","type-page","status-publish","hentry","entry"],"_links":{"self":[{"href":"https:\/\/leschansonsderangees.fr\/index.php?rest_route=\/wp\/v2\/pages\/41","targetHints":{"allow":["GET"]}}],"collection":[{"href":"https:\/\/leschansonsderangees.fr\/index.php?rest_route=\/wp\/v2\/pages"}],"about":[{"href":"https:\/\/leschansonsderangees.fr\/index.php?rest_route=\/wp\/v2\/types\/page"}],"author":[{"embeddable":true,"href":"https:\/\/leschansonsderangees.fr\/index.php?rest_route=\/wp\/v2\/users\/1"}],"replies":[{"embeddable":true,"href":"https:\/\/leschansonsderangees.fr\/index.php?rest_route=%2Fwp%2Fv2%2Fcomments&post=41"}],"version-history":[{"count":34,"href":"https:\/\/leschansonsderangees.fr\/index.php?rest_route=\/wp\/v2\/pages\/41\/revisions"}],"predecessor-version":[{"id":188,"href":"https:\/\/leschansonsderangees.fr\/index.php?rest_route=\/wp\/v2\/pages\/41\/revisions\/188"}],"wp:attachment":[{"href":"https:\/\/leschansonsderangees.fr\/index.php?rest_route=%2Fwp%2Fv2%2Fmedia&parent=41"}],"curies":[{"name":"wp","href":"https:\/\/api.w.org\/{rel}","templated":true}]}}